09794?
False
Is 4323 a factor of 39412791?
True
Is 165882196 a multiple of 25?
False
Is 20724576 a multiple of 5?
False
Is 449 a factor of 21101653?
True
Is 17202738 a multiple of 244?
False
Is 6 a factor of 338179916?
False
Does 1365 divide 75241351?
False
Does 884 divide 104161720?
True
Is 128687320 a multiple of 73?
True
Does 11 divide 30264773?
True
Does 515 divide 17658993?
False
Does 77 divide 35420612?
False
Is 12294813 a multiple of 34?
False
Is 89 a factor of 68227471?
False
Is 17 a factor of 314068185?
False
Is 2635 a factor of 329888354?
False
Is 11 a factor of 20205612?
False
Is 224 a factor of 63067329?
False
Does 161 divide 620715375?
True
Is 1107 a factor of 2544532488?
True
Does 2415 divide 3332798233?
False
Is 726 a factor of 89727066?
True
Is 9586 a factor of 1044482004?
False
Does 6802 divide 5915720559?
False
Is 50631181 a multiple of 41?
False
Is 775825581 a multiple of 9591?
True
Is 1761620 a multiple of 70?
True
Is 182820 a multiple of 165?
True
Does 292 divide 461282620?
True
Is 5729585 a multiple of 37?
False
Is 1651 a factor of 335398999?
True
Is 84757663 a multiple of 175?
False
Is 2682441616 a multiple of 16?
True
Is 127 a factor of 244846983?
True
Is 479537511 a multiple of 10?
False
Is 12 a factor of 310543197?
False
Does 122 divide 70782114?
False
Does 51 divide 153449004?
True
Does 87 divide 336762558?
True
Is 22319756 a multiple of 76?
True
Is 177 a factor of 819791?
False
Does 501 divide 369731830?
False
Does 119 divide 431257909?
False
Is 55785015 a multiple of 9?
True
Does 12 divide 987162865?
False
Is 79895445 a multiple of 21?
True
Is 662 a factor of 938386324?
True
Does 468 divide 580274823?
False
Is 14 a factor of 192930066?
True
Does 52 divide 1212392272?
True
Is 302685702 a multiple of 319?
True
Is 79 a factor of 34736154?
False
Does 5442 divide 577561598?
False
Does 1386 divide 1011085614?
True
Is 348 a factor of 497994222?
False
Is 1670 a factor of 63484605?
False
Is 4542074 a multiple of 241?
False
Is 75 a factor of 905037775?
False
Is 527 a factor of 19041537?
False
Does 143 divide 6736298?
False
Does 4108 divide 283378524?
False
Is 153421039 a multiple of 128?
False
Is 204 a factor of 1003023?
False
Does 292 divide 546350396?
True
Is 44 a factor of 33924264?
True
Is 2206 a factor of 2728715171?
False
Is 359 a factor of 4829675?
False
Is 879 a factor of 41363103?
True
Does 75 divide 122786153?
False
Is 439 a factor of 37866823?
True
Does 46 divide 7557258?
False
Is 124 a factor of 85697242?
False
Does 1423 divide 310171310?
True
Is 401 a factor of 10813220?
False
Is 31822630 a multiple of 10?
True
Does 318 divide 11997891?
False
Does 18 divide 56467758?
False
Is 872191170 a multiple of 5367?
True
Does 5 divide 17170674?
False
Does 2744 divide 125215171?
False
Is 2432816167 a multiple of 7904?
False
Is 153515448 a multiple of 24?
True
Does 308 divide 57479576?
True
Is 88599932 a multiple of 1017?
False
Is 13809332 a multiple of 268?
False
Does 41 divide 1188076844?
True
Is 165961920 a multiple of 186?
False
Is 38548642 a multiple of 123?
False
Is 100223234 a multiple of 1212?
False
Is 745886410 a multiple of 2630?
True
Does 7607 divide 757571121?
False
Does 154 divide 778485708?
True
Is 8 a factor of 135716184?
True
Is 561 a factor of 37864695?
True
Is 17 a factor of 313797101?
True
Is 66010571 a multiple of 137?
False
Does 16 divide 23992816?
True
Is 2528 a factor of 429306873?
False
Is 2058 a factor of 384393240?
True
Is 3992 a factor of 2328477712?
True
Is 4173594302 a multiple of 159?
False
Is 2521877295 a multiple of 7?
True
Is 170 a factor of 417147?
False
Is 20125314 a multiple of 103?
False
Is 69173610 a multiple of 533?
False
Is 4 a factor of 8235491?
False
Is 215507708 a multiple of 2284?
False
Does 98 divide 79924364?
False
Is 103806182 a multiple of 667?
False
Is 787 a factor of 44395378?
False
Is 283402545 a multiple of 3414?
False
Is 27 a factor of 22671657?
True
Is 2781671440 a multiple of 95?
True
Is 1009 a factor of 83275797?
True
Is 508 a factor of 102527112?
False
Does 80 divide 4753494480?
True
Is 35350841 a multiple of 12?
False
Is 528976760 a multiple of 338?
True
Does 142 divide 3391904507?
False
Is 2625 a factor of 106071000?
True
Is 90396360 a multiple of 46?
False
Does 14 divide 340354350?
True
Does 2781 divide 588491568?
False
Does 348 divide 393495?
False
Does 33 divide 31573595?
False
Is 46520475 a multiple of 983?
True
Is 187 a factor of 2100384?
True
Does 20 divide 794988018?
False
Does 9 divide 15124581?
True
Is 221 a factor of 752806298?
False
Is 768537704 a multiple of 7293?
False
Is 74 a factor of 2462336?
False
Is 4 a factor of 243117167?
False
Does 48 divide 436172016?
True
Does 48 divide 37456348?
False
Does 5839 divide 1028185?
False
Does 17 divide 65246867?
True
Does 943 divide 663234038?
False
Is 328415984 a multiple of 3224?
True
Is 20249666 a multiple of 13?
False
Is 16 a factor of 120183664?
True
Is 71574674 a multiple of 15?
False
Does 11 divide 64898482?
True
Is 35 a factor of 529549?
False
Is 137 a factor of 10464471?
True
Is 482625572 a multiple of 788?
True
Is 5127474 a multiple of 580?
False
Does 48 divide 10946736?
True
Is 48 a factor of 18209033?
False
Is 74608650 a multiple of 45?
True
Does 659 divide 136596392?
False
Is 116 a factor of 212348793?
False
Does 14 divide 162404522?
True
Is 938 a factor of 205898689?
False
Is 599539 a multiple of 3?
False
Is 13 a factor of 1118912111?
False
Is 49999093 a multiple of 45?
False
Is 21 a factor of 228123756?
True
Is 12 a factor of 68392308?
True
Does 28 divide 20744159?
False
Is 101717784 a multiple of 21?
True
Does 249 divide 6282221?
False
Is 1827112 a multiple of 1194?
False
Is 96409520 a multiple of 16?
True
Is 621 a factor of 416735712?
True
Is 21 a factor of 181522572?
True
Is 18 a factor of 23421479?
False
Is 29 a factor of 74227923?
False
Is 673 a factor of 192797899?
False
Is 97 a factor of 1122142754?
True
Is 4801494 a multiple of 6?
True
Is 310063260 a multiple of 3071?
False
Is 6657285 a multiple of 158?
False
Is 1429683258 a multiple of 2353?
False
Is 2943034089 a multiple of 8871?
True
Does 331 divide 2221975?
False
Does 4 divide 1662752?
True
Is 540802626 a multiple of 2821?
True
Does 123 divide 7674708?
True
Is 1149 a factor of 232667904?
True
Does 2981 divide 633393550?
False
Is 10932600 a multiple of 570?
True
Is 1312595328 a multiple of 33?
True
Does 71 divide 67233450?
True
Is 250134755 a multiple of 963?
False
Is 129704876 a multiple of 14?
True
Is 525184681 a multiple of 19?
True
Is 650185425 a multiple of 4407?
False
Is 2286892416 a multiple of 3272?
True
Is 6645827 a multiple of 17?
True
Does 97 divide 1323706523?
True
Does 9 divide 213324219?
True
Is 88 a factor of 47131554?
False
Does 346 divide 66848056?
False
Does 3208 divide 480803999?
False
Is 182522068 even?
True
Is 894065451 a multiple of 752?
False
Does 205 divide 1441017570?
True
Is 194987208 a multiple of 156?
True
Is 22 a factor of 33254650?
True
Is 380441304 a multiple of 74?
False
Does 179 divide 3380236?
True
Is 13370 a factor of 3411281149?
False
Does 91 divide 393685082?
False
Is 241012735 a multiple of 10?
False
Is 3214501 a multiple of 216?
False
Does 20 divide 438134260?
True
Is 121230194 a multiple of 707?
False
Is 803523672 a multiple of 1431?
True
Is 1923 a factor of 236161707?
True
Does 2225 divide 829179625?
True
Is 18 a factor of 600933654?
True
Is 72 a factor of 196871760?
True
Does 1873 divide 30236516?
False
Is 270 a factor of 33265614?
False
Is 47 a factor of 851221308?
False
Is 4697 a factor of 4773406099?
True
Is 14 a factor of 2307690?
True
Is 122 a factor of 29255722?
True
Is 13427417 a multiple of 130?
False
Is 32 a factor of 628882496?
True
Is 3 a factor of 2454972?
True
Is 1032 a factor of 22213525?
False
Is 187 a factor of 66931975?
True
Does 2 divide 5510370?
True
Is 149 a factor of 98129761?
True
Is 1536 a factor of 32553189?
False
Is 34809048 a multiple of 27?
True
Does 1223 divide 1464272104?
False
Is 21851982 a multiple of 46?
False
Does 64 divide 17703138?
False
Is 826325134 a multiple of 11?
False
Does 1485 divide 65104488?
False
Does 346 divide 49124734?
True
Does 3773 divide 180983264?
True
Is 19992980 a multiple of 98?
True
Is 248 a factor of 73085256?
False
Is 18512723 a multipl